en p(-1) is divided by s?
34
Suppose -3*j - q = -5, -2*j = -5*q - 6 - 3. Let i = -624 + 643. Calculate the remainder when i is divided by ((-16)/32)/(j/(-12)).
1
Let z be 2/(-5) + 3*2048/60. Let p(q) = 2*q**2 - 5*q + 4. Calculate the remainder when p(-5) is divided by 1*2/4 - (-969)/z.
9
Let m = -328843 - -328987. Let o be ((-39)/(-2))/(2/4). Suppose -2*a = r - o, -2*a = -2*r - 0*a + 72. What is the remainder when m is divided by r?
33
Suppose -594 = 42*p - 75*p. Let t be (8 + -8)*(-2 + 3). Suppose t = -3*r + 30 + 291. What is the remainder when r is divided by p?
17
Let l = -7577 + 7636. Let n be 2/5 + 18/5. Suppose -m - 60 = -n*m. What is the remainder when l is divided by m?
19
Let r = 63 - 48. Let w = r - -14. Suppose 5*g + 3*n - 2*n - 140 = 0, 2*g = 5*n + w. Calculate the remainder when 78 is divided by g.
24
Let u(s) = -7*s**2 - 64*s - s**3 + 3*s**2 + 63*s + s**2 - 5. Let h be u(-3). Calculate the remainder when 31 is divided by (-324)/(-16) + h + 2/(-8).
13
Suppose -2*r + 438 = -2*h, -10*h + 1095 = 5*r - 14*h. What is the remainder when r is divided by 38?
29
What is the remainder when 2893 + (0 - 20*6/12) is divided by 956?
15
Suppose 97*w - 23859 - 38120 - 10771 = 0. What is the remainder when w is divided by 247?
9
Let x(s) = 41*s + 211. Let a be x(-5). Suppose -a*p + 134 = -166. What is the remainder when p is divided by 12?
2
Suppose -11*g = -13*g + 6. Suppose g*d - 57 = 93. What is the remainder when d is divided by 19?
12
Let q(j) = -j**3 + 18*j**2 - 26*j + 63. Let i be q(18). Let g = 423 + i. What is the remainder when 175 is divided by g?
13
Let g(v) = -v**3 - 10*v**2 - 10*v + 8. What is the remainder when g(-9) is divided by (7 - (-35)/5)*2/4?
3
Suppose -s = -3*m - 3, s + 5*m - 3 = 9*m. Let d(f) = 3*f**2 - 3*f - 2. Calculate the remainder when 175 is divided by d(s).
15
Suppose 22*p = 615 - 219. Suppose 2245 - 505 = 4*i. Suppose 3*x - i = -2*x. Calculate the remainder when x is divided by p.
15
Let m be (-3 + 2)*2 + 10. Let t be 120/104 + 1*10/(-65). What is the remainder when 98 is divided by 57*m/12 + (-4)/t?
30
Let d(o) = -5*o**2 + 3*o + 4. Let i be d(2). Let g(m) = m**3 + 11*m**2 + 6*m - 32. Calculate the remainder when 49 is divided by g(i).
1
Suppose 2*k = -2*o, o - 3*k - 30 = 2*k. Suppose o*a + 49 = 4*c, 25 + 20 = 5*c - 3*a. What is the remainder when 65 is divided by c?
5
Suppose 21*o - 487 = 22*o. Let b = -341 - o. Suppose -15 = -4*p + 133. Calculate the remainder when b is divided by p.
35
Let v be (-30)/(-7) + (-10)/35. Let y = 8 - v. Let j = 3481 - 3455. What is the remainder when j is divided by y?
2
Let i(x) = 7*x**2 + 88*x - 179. Calculate the remainder when 185 is divided by i(2).
10
Suppose -2*c + 9 = -4*n - n, -5*c - 5*n = 30. What is the remainder when (-1 - 5)*(-132)/8 is divided by c/(35/50 + -1)?
9
What is the remainder when 1283 is divided by (-6)/3 + 4 + (168/(-14) - -644)?
15
Let p = 5336 - 5201. Calculate the remainder when 533 is divided by p.
128
Let y(l) = -278*l - 1440. What is the remainder when y(-6) is divided by 34?
24
Let g = -5671 - -6462. Calculate the remainder when g is divided by 17.
9
Let b(f) = f**3 - 12*f**2 - 2*f + 28. Let n be b(12). Let t(s) = 2*s**3 + 3*s**2 - 7*s - 6. What is the remainder when t(n) is divided by 6?
4
Let f(t) = t**2 + 6*t - 23. Let n be f(-9). Suppose -58 = -3*q - 2*y + 4*y, 4*q = -n*y + 64. What is the remainder when 29 is divided by q?
11
Suppose -119 + 6 - 22 = -15*p. Calculate the remainder when -4*2/16*-46 is divided by p.
5
Let p(j) = -j**3 - 6*j**2 + 15*j - 27. Let d be p(12). Calculate the remainder when 2/(-18) - d/81 is divided by (-171)/(-15) - (-3)/5.
6
What is the remainder when (-8)/24*277*-3 is divided by -6*((-128)/12 + 4)?
37
Let l(c) = c**2 - 3*c + 2. Let f be 8066/(-30) - (-6 + (-828)/(-135)). Let q = f - -458. Calculate the remainder when q is divided by l(5).
9
Let n be 1048 - (10 - 30/5). Suppose -9*k + 6*k + n = -3*v, 0 = -k - 3*v + 348. Calculate the remainder when k is divided by 71.
64
Suppose 14 = j - 24. Suppose -3*h - j = -2*h. Let q = -34 - h. What is the remainder when 10 is divided by q?
2
Calculate the remainder when 1019 is divided by ((-2)/(-5))/((-23)/(-43700)*20).
31
Let v(a) = 178*a + 1811. Calculate the remainder when v(-10) is divided by 12.
7
Suppose -4*m - 3 + 19 = 0. Suppose -u - f = -10, -f = m*f - 10. Suppose u*r = 37 + 27. What is the remainder when 31 is divided by r?
7
Let a = 36062 + -35921. Calculate the remainder when a is divided by (-3)/(6/(-16)*2).
1
Let o(l) = 19*l**2 - 21*l + 13. What is the remainder when o(9) is divided by 31?
30
Let h(x) = x**2 + 5*x - 38. Let n be h(-9). Let y(l) = 19*l**3 + 2*l**2 - 4. Let j be y(n). Let w = -110 - j. Calculate the remainder when w is divided by 13.
12
Let c(y) = 7*y - 102. Let t = 226 - 209. Calculate the remainder when 20 is divided by c(t).
3
Let i(v) = -6*v - 11 - 7*v**3 + 6*v**3 + 7*v - 6*v + 10*v**2. Let d be i(8). Let o = d + -67. Calculate the remainder when 49 is divided by o.
9
Let u(w) = -17*w - 206. Suppose -5*j = 2*k - 1 + 114, -4*k - 100 = 4*j. What is the remainder when u(j) is divided by 12?
7
Let u(f) = 24*f**2 - 15 + 6*f - 15*f**2 - 53*f**2 - 26*f + 4*f**3. Calculate the remainder when u(12) is divided by 7.
6
Let r = 31 + 17. Calculate the remainder when 399 is divided by (50/(-20))/((-15)/r).
7
Let d(u) = 22*u - 17. Let m = -51 - -58. Let i be d(m). Suppose 3*g - i = 37. Calculate the remainder when g is divided by 20.
18
Let u = -3652 - -4134. Calculate the remainder when u is divided by 124.
110
Let m = -294 - -298. Suppose -m*x + 233 = 141. What is the remainder when 367 is divided by x?
22
Let i(q) = -q + 3. Let j be i(-9). Suppose 17 + j = u. Let l(w) = -178*w - 1906. Calculate the remainder when l(-11) is divided by u.
23
Suppose -7*a + 83 = -197. Calculate the remainder when a is divided by (24/5)/(5*30/500).
8
Suppose 3*q = -3*t - 3, -2*t + 2*q + 16 = -18. Calculate the remainder when 4611 is divided by t.
3
Let t(q) = q**3 + q**2 - 49*q + 221. What is the remainder when 475 is divided by t(-8)?
145
Let h(y) = 23*y + 3. Let x be h(-1). Let t = x + 26. Suppose 0 = 5*j - 25, -165 = 2*a - t*a - 5*j. What is the remainder when a is divided by 14?
7
Let s = -18 + 492. Let d(x) = 32*x**3 + 4*x**2 - 2. Calculate the remainder when s is divided by d(1).
32
Suppose 0 = 11*w + 541 - 1366. Calculate the remainder when 3072 is divided by w.
72
Let g(t) = 5*t + 1. Let x(k) = 29*k + 33. Let l(b) = -6*g(b) + x(b). What is the remainder when 379 is divided by l(-11)?
37
Let f = 108 + -82. Suppose 12*m + 2842 = f*m. Calculate the remainder when m is divided by 51.
50
Suppose -143*b = -205*b + 558. Suppose -6*w + 3*w - 15 = 0. Let s(v) = -11*v - 12. What is the remainder when s(w) is divided by b?
7
Suppose 131*v - 2164 = 127*v. Let b = 846 - v. What is the remainder when b is divided by 28?
25
What is the remainder when 2814 is divided by 19776/112 - (-24)/(-42)?
174
Let o be (-2)/(10/3663) + (-732)/(-1220). Let b = 916 + o. What is the remainder when b is divided by 25?
9
Let u = 369 + -372. Calculate the remainder when (33/(-4))/(u/44) is divided by 41.
39
Let j(n) = n**3 - 14*n**2 + 3*n - 26. Suppose 142 = -w + 2*w. Let h = w + -79. What is the remainder when h is divided by j(14)?
15
Let g(y) = -y**2 - 8*y - 18. Let v be g(-3). Let j(u) = u**2 + 2*u + 2. Calculate the remainder when 69 is divided by j(v).
4
Suppose 0 = 5*s - 50 - 105. Suppose 338 = 9*p - s. Let f = 251 - 131. Calculate the remainder when f is divided by p.
38
Suppose 34*v - 205 = 1529. What is the remainder when (-7)/((-14)/498) + 0 is divided by v?
45
Suppose -568*a = -573*a - 2*k + 551, k = 3. Calculate the remainder when 993 is divided by a.
12
Suppose -173*t - 124*t = -44*t - 8602. What is the remainder when (-2)/(-6) - (-2848)/6 is divided by t?
33
Let u(s) be the third derivative of -5*s**4/24 - 5*s**3/3 - 18*s**2. Let b be u(0). Calculate the remainder when 5 is divided by 12/5 - (b/(-25) - 0).
1
Suppose 0 = w + i - 2, -5*i + 11 - 31 = -w. Suppose -w*d + 3*g + 67 = 0, -4*g - 31 = -d - 4. What is the remainder when 158 is divided by d?
4
Let j = -3208 + 3702. What is the remainder when j is divided by 58?
30
Let i be (-4)/6 + (-4)/(-6). Let g be i + 4/(-1) + 0. What is the rem